/(-5 - (3 - 4)). Suppose -3*p + 4*p - 2*r - 91 = 0, s = -3*p + 5*r + 273. Suppose -z + p = 6*z. Calculate the remainder when 35 is divided by z.
9
Let i(h) = -58*h - 8. Let o be i(2). Let q = 200 + o. Suppose 4*f = 20, 3*s + s = -4*f + q. What is the remainder when s is divided by 5?
4
Suppose -2*a - 2*v - 105 = -3*a, -v + 536 = 5*a. What is the remainder when a is divided by (3766/35 - 8/(-20))/2?
53
Let j = -10 + 6. Let k = -131 - -79. Calculate the remainder when (j - (1 + -4))*k is divided by 11.
8
Let y = -12 - -19. Let o = 428 + -426. Let h = o + y. What is the remainder when 25 is divided by h?
7
What is the remainder when 5660 is divided by -1 + 156/(-8)*94/(-141)?
8
Let b(p) = 5*p**2 + 0*p + 0*p**2 - 4 - 2*p - 3*p**3 + 4*p**3. Suppose 34 - 31 = 2*h + w, w + 17 = 3*h. Calculate the remainder when b(-5) is divided by h.
2
Let v(w) = -2*w + 9. Let a be v(22). Let t = a + 103. Calculate the remainder when t is divided by 35.
33
Let m(d) be the first derivative of -d**4/4 - d**3/3 + d**2 - 4*d + 13. Let s be (-6)/21 - (-95)/(-35). Calculate the remainder when m(s) is divided by 3.
2
Let z(t) = 2*t**2 - 12*t - 3. Let r be z(6). Let l(v) = 6*v + 33. Calculate the remainder when 132 is divided by l(r).
12
Let s = -548 - -587. Suppose -2*h = -5*a + 156, 0 = -a + 35*h - 32*h + s. What is the remainder when 117 is divided by a?
27
Let c = -58 + 88. Let p(l) = 7*l**3 + 4*l**2 - 388*l + 770. What is the remainder when p(2) is divided by c?
6
Suppose 15*o - 14*o + 50*o = 3927. Calculate the remainder when 202 is divided by o.
48
Let n = 1732 - 1663. What is the remainder when n is divided by 39?
30
Suppose 2770 = 11*j - 3093. Suppose -5*v - 15*z + j = -12*z, -307 = -3*v - 5*z. Let u = 8 - -8. What is the remainder when v is divided by u?
13
Let u = -101 + 142. Suppose 2*g = w - u, 0*g - 2*g + 112 = 2*w. Let c = 606 - 597. Calculate the remainder when w is divided by c.
6
Suppose 0 = -5*g - 10*d + 210, 29*g + d = 26*g + 81. Calculate the remainder when 14/(1 - (-6)/(-8)) is divided by g.
8
Suppose 3*y - 3*y + 7*y = 27650. Calculate the remainder when y is divided by 59.
56
Suppose -1445 = -11*p - 1324. What is the remainder when 2089 is divided by p?
10
Suppose -467*o = -1963*o + 50864. Let t(h) = 14*h**2 + h + 1. What is the remainder when t(2) is divided by o?
25
Suppose 5*s + 14925 = 5*q, -q - 14*s = -4336 + 1231. Calculate the remainder when q is divided by 107.
104
Suppose 38 = -d + 41. Suppose -d*a + 735 = 3*x - 687, 5*a - 2370 = x. Calculate the remainder when a is divided by 34.
32
Let f(g) = g**3 + 94*g**2 + 527*g - 67. What is the remainder when 477 is divided by f(-88)?
15
Let g(p) = -15*p - 126. Suppose 0 = 2*m - 11*m - 108. Calculate the remainder when 155 is divided by g(m).
47
Suppose -f + 3*c = -34 - 2, 3*f - 58 = -c. What is the remainder when 259 is divided by f?
7
Suppose -579*z + 370 + 488 = -6669. Calculate the remainder when 14259 is divided by z.
11
Let c(i) = -3*i**3 - 301*i**2 + 508*i + 5. Calculate the remainder when c(-102) is divided by 124.
85
Calculate the remainder when -2 + 93 + (-129 - -138) is divided by 49.
2
Suppose 231*p - 268*p = -13727. What is the remainder when p is divided by 92?
3
Let n(d) be the second derivative of 7/6*d**3 + 5*d**2 - 19*d + 1/6*d**4 + 0. What is the remainder when 25 is divided by n(-4)?
11
Suppose -62 = -3*r + 319. Calculate the remainder when (12/(-15))/((-7)/35) + r is divided by 23.
16
Let k(m) = m**2 + 26*m + 349. Let q be k(-28). Suppose 90*z - 63*z - q = 0. Let y = 223 + -90. What is the remainder when y is divided by z?
13
Let q(s) = s**3 - 10*s**2 + 6*s + 15. Let b be 10*(-2)/(-5) + 5. Let p be q(b). Calculate the remainder when 30 is divided by (9 - 10)*(1 + p).
8
Suppose -56*d + 194*d = 81696. Calculate the remainder when d is divided by 119.
116
Let c be 5 + 1/(4/344). Let w = c - 87. Suppose -52 = -3*a - l, -a - 8*l + 10 = -w*l. Calculate the remainder when 53 is divided by a.
17
Suppose 31*a = 160 + 832. Calculate the remainder when 62 is divided by a.
30
Suppose 5*c = -962 + 997, 0 = -4*n - 5*c + 515. Calculate the remainder when n is divided by 15.
0
Let a = 137 - -168. Suppose 0 = -1197*l + 1206*l - 702. What is the remainder when a is divided by l?
71
Suppose 20 = 4*q, 5*u - 8*q - 245 = -4*q. Suppose -d = 0, -2*d + u = n - d. Calculate the remainder when n is divided by 11.
9
Suppose 0 = -12*c + 5*c - 0*c + 847. Calculate the remainder when c is divided by 101.
20
Let x = -47 - -71. Let k = 54 - 156. Let w = k + 173. Calculate the remainder when w is divided by x.
23
Let w = 9501 - 9459. Calculate the remainder when 303 is divided by w.
9
Let k = -11050 - -12283. Calculate the remainder when k is divided by 616.
1
Let c(p) = -2*p**2 + p**2 + 9 + 5 - p + 8*p. Suppose -2*r = -4*d + 98, 3*d - 4*r - r - 56 = 0. What is the remainder when d is divided by c(7)?
13
Let m = -36 - -38. Suppose -4*q = t - 145, m*t - t - 166 = 3*q. Suppose -14*c + 277 = -t. Calculate the remainder when 60 is divided by c.
29
Let z(u) = u**3 + 6*u**2 + 2*u. Calculate the remainder when z(-3) is divided by (-133)/(-95)*(-16)/(-14)*20/8.
1
Let m = -83 - -77. Let b be (2 - -118)/3 + 2 + m. What is the remainder when 24 is divided by (-1 + b)*((-96)/(-15) - 6)?
10
Suppose 2*p = 2*n + 453 + 71, -4*p = n + 242. Let w = n + 377. What is the remainder when w is divided by 32?
23
Let a(p) = p**3 - 7*p**2 + 2*p + 11. Let k = -14 + 22. Let z(j) = 10*j**2 + 957*j + 688. Calculate the remainder when a(k) is divided by z(-95).
22
Let q = 35 + -24. Let l = 120 + 45. Suppose 4*o + 3*k = l + 188, 3*o = -3*k + 267. Calculate the remainder when o is divided by q.
9
Let b(p) = -p**2 - 2*p - 7. Let s(w) = w**2 + 4*w + 6. Let q(x) = -4*b(x) - 3*s(x). Calculate the remainder when 119 is divided by q(0).
9
Suppose 184*d + 10144 = 245576 + 233400. Calculate the remainder when d is divided by 11.
7
Suppose 5*i + 0*w - 5*w = 5, -7 = -2*i - 3*w. Calculate the remainder when 88 is divided by (0 - i/(-3))/((-14)/(-525)).
13
Let m be (7 - 6 - -93)*6. Let n = m + -480. Calculate the remainder when n is divided by 18.
12
Suppose -24 = -4*m - 2*d, -5*d + d = -m + 24. Suppose 8 + 4 = u + p, 0 = u - p - m. Let s = 225 - 188. Calculate the remainder when s is divided by u.
7
Let y be (7 + -4)/(1/12). Suppose 3*n + 24 = 3*k, n - y = -2*k - 2*n. What is the remainder when 88/6*(-3 + 4)*3 is divided by k?
8
Calculate the remainder when (8/6)/((117/(-4239))/(-13)) is divided by 5.
3
Let t = 110 + -57. Suppose 5*i - 3*v = 120, 0 = 4*i - 5*v + 136 - 219. What is the remainder when t is divided by i?
26
Let j(o) = 13*o - 4. Suppose -x + 44 + 1864 = -4*s, 3*x = -4*s + 5644. Let q = 1913 - x. What is the remainder when j(6) is divided by q?
24
Let u(i) = -i**3 + 12*i**2 - 16*i - 41. Calculate the remainder when 338 is divided by u(7).
62
Calculate the remainder when 3230 is divided by 116/(-87)*(-1647)/36.
58
Let x = -19 + 63. Let c = 29841 + -29716. Calculate the remainder when c is divided by x.
37
Let c(o) = -28*o**2 - o - 3. Let z(a) = a + 0*a + 2 + 64*a**2 - 37*a**2. Let x(i) = 2*c(i) + 3*z(i). What is the remainder when x(1) is divided by 10?
6
Suppose -2926*z - 204 = -2938*z. Calculate the remainder when 1029 is divided by z.
9
Suppose 114 = 2*g - 100. Calculate the remainder when g is divided by 184/6 - (-11)/99*3.
14
What is the remainder when 198 is divided by 9/(-6)*(1071/(-9) + -5)?
12
Let l(k) = 211*k - 1. Calculate the remainder when 638 is divided by l(1).
8
What is the remainder when 1063 is divided by (54/10)/(189/6300)?
163
Suppose -24 = -2*x - 2*c, -11*x - 53 = -15*x - 3*c. Calculate the remainder when 820 is divided by x.
4
Suppose -4632 = -2*k + 8*k - 30*k. What is the remainder when 767 is divided by k?
188
Let u = 365 - 361. Let v(s) = 14*s**3 + 2*s**2 + 5*s - 8. What is the remainder when v(u) is divided by 23?
20
Let o = -132 - -158. Suppose o*b - 2205 - 785 = 0. What is the remainder when b is divided by 39?
37
Let y(f) = -22*f**2 - 247*f + 8. Calculate the remainder when y(-6) is divided by 18.
14
Suppose -5*t - 4*l + 196 = 0, -76*l + 16 = -72*l. What is the remainder when 246 is divided by t?
30
Suppose -5*g - 139*r + 138*r = -142, 0 = -2*g - 3*r + 62. Let s = 7 - 3. What is the remainder when (-2)/s + (-1116)/